{"id":2109,"date":"2026-05-20T17:15:52","date_gmt":"2026-05-20T15:15:52","guid":{"rendered":"https:\/\/neu.annaflorin.ch\/spenden\/"},"modified":"2026-09-02T13:40:34","modified_gmt":"2026-09-02T11:40:34","slug":"spenden","status":"publish","type":"page","link":"https:\/\/annaflorin.ch\/rm\/spenden\/","title":{"rendered":"Spenden"},"content":{"rendered":"\n<div class=\"wp-block-group secondary contentwidth_parent\"><div class=\"wp-block-group__inner-container is-layout-constrained wp-block-group-is-layout-constrained\">\n<h2 class=\"wp-block-heading\">Spenden<\/h2>\n\n\n\n<p class=\"wp-block-paragraph\">Mit einer unverbindlichen Spende unterst\u00fctzt und erm\u00f6glichst Du Anna Florin weiterhin professionelle Arbeit zu leisten und erm\u00f6glichst damit die Sichtbarkeit unseres Anliegens. Vielen Dank! <\/p>\n<\/div><\/div>\n\n<div class=\"wp-block-group primary contentwidth_parent\"><div class=\"wp-block-group__inner-container is-layout-constrained wp-block-group-is-layout-constrained\">\n<h2 class=\"wp-block-heading\">Legate<\/h2>\n\n\n\n<p class=\"wp-block-paragraph\">Neben Familie und Freund:innen gibt es vielleicht auch eine Herzenssache, die Du \u00fcber Dein Leben hinaus unterst\u00fctzen m\u00f6chtest\u2013 wie den Erhalt attraktiver D\u00f6rfer in Bergregionen. Mit Deinem Testament kannst Du gemeinsam mit uns unsere D\u00f6rfer f\u00fcr kommende Generationen attraktiv gestalten und erhalten. <\/p>\n<\/div><\/div>\n\n<div class=\"wp-block-group tertiary contentwidth_parent\"><div class=\"wp-block-group__inner-container is-layout-constrained wp-block-group-is-layout-constrained\">\n<h2 class=\"wp-block-heading\">Konto f\u00fcr Zuwendungen<\/h2>\n\n\n\n<p class=\"wp-block-paragraph\">Verein Anna Florin<br\/>7553 Tarasp<br\/>GKB: IBAN CH82 0077 4010 4370 0760 0<\/p>\n<\/div><\/div>\n","protected":false},"excerpt":{"rendered":"<p>Spenden Mit einer unverbindlichen Spende unterst\u00fctzt und erm\u00f6glichst Du Anna Florin weiterhin professionelle Arbeit zu leisten und erm\u00f6glichst damit die Sichtbarkeit unseres Anliegens. Vielen Dank! Legate Neben Familie und Freund:innen [&hellip;]<\/p>\n","protected":false},"author":1,"featured_media":0,"parent":0,"menu_order":0,"comment_status":"closed","ping_status":"closed","template":"","meta":{"_seopress_titles_title":"","_seopress_titles_desc":"","_seopress_robots_index":"","_seopress_robots_follow":"","_seopress_robots_imageindex":"","_seopress_robots_snippet":"","_seopress_robots_primary_cat":"","_seopress_robots_breadcrumbs":"","_seopress_robots_freeze_modified_date":"","_seopress_robots_custom_modified_date":"","_seopress_robots_canonical":"","_seopress_social_fb_title":"","_seopress_social_fb_desc":"","_seopress_social_fb_img":"","_seopress_social_fb_img_attachment_id":0,"_seopress_social_fb_img_width":0,"_seopress_social_fb_img_height":0,"_seopress_social_twitter_title":"","_seopress_social_twitter_desc":"","_seopress_social_twitter_img":"","_seopress_social_twitter_img_attachment_id":0,"_seopress_social_twitter_img_width":0,"_seopress_social_twitter_img_height":0,"_seopress_redirections_value":"","_seopress_redirections_enabled":"","_seopress_redirections_enabled_regex":"","_seopress_redirections_logged_status":"both","_seopress_redirections_param":"","_seopress_redirections_type":301,"_seopress_analysis_target_kw":"","_EventAllDay":false,"_EventTimezone":"","_EventStartDate":"","_EventEndDate":"","_EventStartDateUTC":"","_EventEndDateUTC":"","_EventShowMap":false,"_EventShowMapLink":false,"_EventURL":"","_EventCost":"","_EventCostDescription":"","_EventCurrencySymbol":"","_EventCurrencyCode":"","_EventCurrencyPosition":"","_EventDateTimeSeparator":"","_EventTimeRangeSeparator":"","_EventOrganizerID":[],"_EventVenueID":[],"_OrganizerEmail":"","_OrganizerPhone":"","_OrganizerWebsite":"","_VenueAddress":"","_VenueCity":"","_VenueCountry":"","_VenueProvince":"","_VenueState":"","_VenueZip":"","_VenuePhone":"","_VenueURL":"","_VenueStateProvince":"","_VenueLat":"","_VenueLng":"","_VenueShowMap":false,"_VenueShowMapLink":false,"footnotes":""},"class_list":["post-2109","page","type-page","status-publish","hentry"],"_links":{"self":[{"href":"https:\/\/annaflorin.ch\/rm\/wp-json\/wp\/v2\/pages\/2109","targetHints":{"allow":["GET"]}}],"collection":[{"href":"https:\/\/annaflorin.ch\/rm\/wp-json\/wp\/v2\/pages"}],"about":[{"href":"https:\/\/annaflorin.ch\/rm\/wp-json\/wp\/v2\/types\/page"}],"author":[{"embeddable":true,"href":"https:\/\/annaflorin.ch\/rm\/wp-json\/wp\/v2\/users\/1"}],"replies":[{"embeddable":true,"href":"https:\/\/annaflorin.ch\/rm\/wp-json\/wp\/v2\/comments?post=2109"}],"version-history":[{"count":1,"href":"https:\/\/annaflorin.ch\/rm\/wp-json\/wp\/v2\/pages\/2109\/revisions"}],"predecessor-version":[{"id":2110,"href":"https:\/\/annaflorin.ch\/rm\/wp-json\/wp\/v2\/pages\/2109\/revisions\/2110"}],"wp:attachment":[{"href":"https:\/\/annaflorin.ch\/rm\/wp-json\/wp\/v2\/media?parent=2109"}],"curies":[{"name":"wp","href":"https:\/\/api.w.org\/{rel}","templated":true}]}}

<div class="wp-block-group secondary contentwidth_parent"><div class="wp-block-group__inner-container is-layout-constrained wp-block-group-is-layout-constrained">
<h2 class="wp-block-heading">Spenden</h2>



<p class="wp-block-paragraph">Mit einer unverbindlichen Spende unterstützt und ermöglichst Du Anna Florin weiterhin professionelle Arbeit zu leisten und ermöglichst damit die Sichtbarkeit unseres Anliegens. Vielen Dank! </p>
</div></div>

<div class="wp-block-group primary contentwidth_parent"><div class="wp-block-group__inner-container is-layout-constrained wp-block-group-is-layout-constrained">
<h2 class="wp-block-heading">Legate</h2>



<p class="wp-block-paragraph">Neben Familie und Freund:innen gibt es vielleicht auch eine Herzenssache, die Du über Dein Leben hinaus unterstützen möchtest– wie den Erhalt attraktiver Dörfer in Bergregionen. Mit Deinem Testament kannst Du gemeinsam mit uns unsere Dörfer für kommende Generationen attraktiv gestalten und erhalten. </p>
</div></div>

<div class="wp-block-group tertiary contentwidth_parent"><div class="wp-block-group__inner-container is-layout-constrained wp-block-group-is-layout-constrained">
<h2 class="wp-block-heading">Konto für Zuwendungen</h2>



<p class="wp-block-paragraph">Verein Anna Florin<br/>7553 Tarasp<br/>GKB: IBAN CH82 0077 4010 4370 0760 0</p>
</div></div>

<p>Spenden Mit einer unverbindlichen Spende unterstützt und ermöglichst Du Anna Florin weiterhin professionelle Arbeit zu leisten und ermöglichst damit die Sichtbarkeit unseres Anliegens. Vielen Dank! Legate Neben Familie und Freund:innen [&hellip;]</p>
